[INFO] cloning repository https://github.com/thomaslienbacher/win-keylogger-rs
[INFO] running `Command { std: "git" "-c" "credential.helper=" "-c" "credential.helper=/workspace/cargo-home/bin/git-credential-null" "clone" "--bare" "https://github.com/thomaslienbacher/win-keylogger-rs" "/workspace/cache/git-repos/https%3A%2F%2Fgithub.com%2Fthomaslienbacher%2Fwin-keylogger-rs", kill_on_drop: false }`
[INFO] [stderr] Cloning into bare repository '/workspace/cache/git-repos/https%3A%2F%2Fgithub.com%2Fthomaslienbacher%2Fwin-keylogger-rs'...
[INFO] running `Command { std: "git" "rev-parse" "HEAD", kill_on_drop: false }`
[INFO] [stdout] a06e3c3e761238f98ae30951ca458bde0c23a0f3
[INFO] checking thomaslienbacher/win-keylogger-rs against try#72f88fc4e9458f89516a0b8b0868f3718aec5b47 for pr-74989
[INFO] running `Command { std: "git" "clone" "/workspace/cache/git-repos/https%3A%2F%2Fgithub.com%2Fthomaslienbacher%2Fwin-keylogger-rs" "/workspace/builds/worker-4/source", kill_on_drop: false }`
[INFO] [stderr] Cloning into '/workspace/builds/worker-4/source'...
[INFO] [stderr] done.
[INFO] validating manifest of git repo https://github.com/thomaslienbacher/win-keylogger-rs on toolchain 72f88fc4e9458f89516a0b8b0868f3718aec5b47
[INFO] running `Command { std: "/workspace/cargo-home/bin/cargo" "+72f88fc4e9458f89516a0b8b0868f3718aec5b47" "read-manifest" "--manifest-path" "Cargo.toml", kill_on_drop: false }`
[INFO] started tweaking git repo https://github.com/thomaslienbacher/win-keylogger-rs
[INFO] finished tweaking git repo https://github.com/thomaslienbacher/win-keylogger-rs
[INFO] tweaked toml for git repo https://github.com/thomaslienbacher/win-keylogger-rs written to /workspace/builds/worker-4/source/Cargo.toml
[INFO] crate git repo https://github.com/thomaslienbacher/win-keylogger-rs already has a lockfile, it will not be regenerated
[INFO] running `Command { std: "/workspace/cargo-home/bin/cargo" "+72f88fc4e9458f89516a0b8b0868f3718aec5b47" "fetch" "--locked" "--manifest-path" "Cargo.toml", kill_on_drop: false }`
[INFO] [stderr]  Downloading crates ...
[INFO] [stderr]   Downloaded os_info v1.1.0
[INFO] running `Command { std: "docker" "create" "-v" "/var/lib/crater-agent-workspace/builds/worker-4/target:/opt/rustwide/target:rw,Z" "-v" "/var/lib/crater-agent-workspace/builds/worker-4/source:/opt/rustwide/workdir:ro,Z" "-v" "/var/lib/crater-agent-workspace/cargo-home:/opt/rustwide/cargo-home:ro,Z" "-v" "/var/lib/crater-agent-workspace/rustup-home:/opt/rustwide/rustup-home:ro,Z" "-e" "SOURCE_DIR=/opt/rustwide/workdir" "-e" "CARGO_TARGET_DIR=/opt/rustwide/target" "-e" "CARGO_HOME=/opt/rustwide/cargo-home" "-e" "RUSTUP_HOME=/opt/rustwide/rustup-home" "-w" "/opt/rustwide/workdir" "-m" "1610612736" "--user" "0:0" "--network" "none" "rustops/crates-build-env@sha256:d92eaeed33fa75130ca1ee6c8a01d1ffb62bac859dfdfb3450e3e5d1c0146529" "/opt/rustwide/cargo-home/bin/cargo" "+72f88fc4e9458f89516a0b8b0868f3718aec5b47" "metadata" "--no-deps" "--format-version=1", kill_on_drop: false }`
[INFO] [stdout] 41dd0fd01541ffc1fe5524a8f4dd83a8be44b77c719d48053c0f566241e822ed
[INFO] [stderr] WARNING: Your kernel does not support swap limit capabilities or the cgroup is not mounted. Memory limited without swap.
[INFO] running `Command { std: "docker" "start" "-a" "41dd0fd01541ffc1fe5524a8f4dd83a8be44b77c719d48053c0f566241e822ed", kill_on_drop: false }`
[INFO] running `Command { std: "docker" "inspect" "41dd0fd01541ffc1fe5524a8f4dd83a8be44b77c719d48053c0f566241e822ed", kill_on_drop: false }`
[INFO] running `Command { std: "docker" "rm" "-f" "41dd0fd01541ffc1fe5524a8f4dd83a8be44b77c719d48053c0f566241e822ed", kill_on_drop: false }`
[INFO] [stdout] 41dd0fd01541ffc1fe5524a8f4dd83a8be44b77c719d48053c0f566241e822ed
[INFO] running `Command { std: "docker" "create" "-v" "/var/lib/crater-agent-workspace/builds/worker-4/target:/opt/rustwide/target:rw,Z" "-v" "/var/lib/crater-agent-workspace/builds/worker-4/source:/opt/rustwide/workdir:ro,Z" "-v" "/var/lib/crater-agent-workspace/cargo-home:/opt/rustwide/cargo-home:ro,Z" "-v" "/var/lib/crater-agent-workspace/rustup-home:/opt/rustwide/rustup-home:ro,Z" "-e" "SOURCE_DIR=/opt/rustwide/workdir" "-e" "CARGO_TARGET_DIR=/opt/rustwide/target" "-e" "CARGO_INCREMENTAL=0" "-e" "RUST_BACKTRACE=full" "-e" "RUSTFLAGS=--cap-lints=forbid" "-e" "CARGO_HOME=/opt/rustwide/cargo-home" "-e" "RUSTUP_HOME=/opt/rustwide/rustup-home" "-w" "/opt/rustwide/workdir" "-m" "1610612736" "--user" "0:0" "--network" "none" "rustops/crates-build-env@sha256:d92eaeed33fa75130ca1ee6c8a01d1ffb62bac859dfdfb3450e3e5d1c0146529" "/opt/rustwide/cargo-home/bin/cargo" "+72f88fc4e9458f89516a0b8b0868f3718aec5b47" "check" "--frozen" "--all" "--all-targets" "--message-format=json", kill_on_drop: false }`
[INFO] [stdout] 45436f425af073db7a104c0936513e0efd32421c8f57552f3771842cbabbc7e7
[INFO] [stderr] WARNING: Your kernel does not support swap limit capabilities or the cgroup is not mounted. Memory limited without swap.
[INFO] running `Command { std: "docker" "start" "-a" "45436f425af073db7a104c0936513e0efd32421c8f57552f3771842cbabbc7e7", kill_on_drop: false }`
[INFO] [stderr]    Compiling libc v0.2.45
[INFO] [stderr]    Compiling unicode-xid v0.1.0
[INFO] [stderr]    Compiling num-traits v0.2.6
[INFO] [stderr]    Compiling num-integer v0.1.39
[INFO] [stderr]    Compiling serde v1.0.83
[INFO] [stderr]    Compiling regex v1.1.0
[INFO] [stderr]    Compiling os_info v1.1.0
[INFO] [stderr]     Checking utf8-ranges v1.0.2
[INFO] [stderr]    Compiling memchr v2.1.2
[INFO] [stderr]     Checking thread_local v0.3.6
[INFO] [stderr]     Checking log v0.4.6
[INFO] [stderr]     Checking regex-syntax v0.6.4
[INFO] [stderr]    Compiling proc-macro2 v0.4.24
[INFO] [stderr]    Compiling quote v0.6.10
[INFO] [stderr]    Compiling syn v0.15.23
[INFO] [stderr]     Checking time v0.1.41
[INFO] [stderr]     Checking hostname v0.1.5
[INFO] [stderr]     Checking aho-corasick v0.6.9
[INFO] [stderr]     Checking chrono v0.4.6
[INFO] [stderr]    Compiling serde_derive v1.0.83
[INFO] [stderr]     Checking win-keylogger-rs v0.1.1 (/opt/rustwide/workdir)
[INFO] [stdout] error[E0433]: failed to resolve: use of undeclared type or module `winapi`
[INFO] [stdout]    --> src/main.rs:277:9
[INFO] [stdout]     |
[INFO] [stdout] 277 |     use winapi::um::winuser::*;
[INFO] [stdout]     |         ^^^^^^ use of undeclared type or module `winapi`
[INFO] [stdout] 
[INFO] [stdout] 
[INFO] [stdout] error[E0433]: failed to resolve: use of undeclared type or module `winapi`
[INFO] [stdout]    --> src/main.rs:278:9
[INFO] [stdout]     |
[INFO] [stdout] 278 |     use winapi::shared::windef::POINT;
[INFO] [stdout]     |         ^^^^^^ use of undeclared type or module `winapi`
[INFO] [stdout] 
[INFO] [stdout] 
[INFO] [stdout] error[E0432]: unresolved import `winapi::shared::windef::POINT`
[INFO] [stdout]    --> src/main.rs:278:9
[INFO] [stdout]     |
[INFO] [stdout] 278 |     use winapi::shared::windef::POINT;
[INFO] [stdout]     |         ^^^^^^^^^^^^^^^^^^^^^^^^^^^^^
[INFO] [stdout] 
[INFO] [stdout] 
[INFO] [stdout] error[E0433]: failed to resolve: use of undeclared type or module `winapi`
[INFO] [stdout]    --> src/main.rs:277:9
[INFO] [stdout]     |
[INFO] [stdout] 277 |     use winapi::um::winuser::*;
[INFO] [stdout]     |         ^^^^^^ use of undeclared type or module `winapi`
[INFO] [stdout] 
[INFO] [stdout] 
[INFO] [stdout] error[E0433]: failed to resolve: use of undeclared type or module `winapi`
[INFO] [stdout]    --> src/main.rs:278:9
[INFO] [stdout]     |
[INFO] [stdout] 278 |     use winapi::shared::windef::POINT;
[INFO] [stdout]     |         ^^^^^^ use of undeclared type or module `winapi`
[INFO] [stdout] 
[INFO] [stdout] 
[INFO] [stdout] error[E0432]: unresolved import `winapi::shared::windef::POINT`
[INFO] [stdout]    --> src/main.rs:278:9
[INFO] [stdout]     |
[INFO] [stdout] 278 |     use winapi::shared::windef::POINT;
[INFO] [stdout]     |         ^^^^^^^^^^^^^^^^^^^^^^^^^^^^^
[INFO] [stdout] 
[INFO] [stdout] 
[INFO] [stdout] error[E0422]: cannot find struct, variant or union type `POINT` in this scope
[INFO] [stdout]    --> src/main.rs:281:21
[INFO] [stdout]     |
[INFO] [stdout] 281 |         let mut p = POINT { x: -1, y: -1 };
[INFO] [stdout]     |                     ^^^^^ not found in this scope
[INFO] [stdout] 
[INFO] [stdout] 
[INFO] [stdout] error[E0425]: cannot find function, tuple struct or tuple variant `GetCursorPos` in this scope
[INFO] [stdout]    --> src/main.rs:282:9
[INFO] [stdout]     |
[INFO] [stdout] 282 |         GetCursorPos(&mut p);
[INFO] [stdout]     |         ^^^^^^^^^^^^ not found in this scope
[INFO] [stdout] 
[INFO] [stdout] 
[INFO] [stdout] error[E0422]: cannot find struct, variant or union type `POINT` in this scope
[INFO] [stdout]    --> src/main.rs:281:21
[INFO] [stdout]     |
[INFO] [stdout] 281 |         let mut p = POINT { x: -1, y: -1 };
[INFO] [stdout]     |                     ^^^^^ not found in this scope
[INFO] [stdout] 
[INFO] [stdout] 
[INFO] [stdout] error[E0425]: cannot find function, tuple struct or tuple variant `GetCursorPos` in this scope
[INFO] [stdout]    --> src/main.rs:282:9
[INFO] [stdout]     |
[INFO] [stdout] 282 |         GetCursorPos(&mut p);
[INFO] [stdout]     |         ^^^^^^^^^^^^ not found in this scope
[INFO] [stdout] 
[INFO] [stdout] 
[INFO] [stdout] error: aborting due to 5 previous errors
[INFO] [stdout] 
[INFO] [stdout] 
[INFO] [stdout] error: aborting due to 5 previous errors
[INFO] [stdout] 
[INFO] [stdout] 
[INFO] [stdout] Some errors have detailed explanations: E0422, E0425, E0432, E0433.
[INFO] [stdout] 
[INFO] [stdout] For more information about an error, try `rustc --explain E0422`.
[INFO] [stdout] 
[INFO] [stdout] Some errors have detailed explanations: E0422, E0425, E0432, E0433.
[INFO] [stdout] 
[INFO] [stdout] For more information about an error, try `rustc --explain E0422`.
[INFO] [stdout] 
[INFO] [stderr] error: could not compile `win-keylogger-rs`.
[INFO] [stderr] 
[INFO] [stderr] To learn more, run the command again with --verbose.
[INFO] [stderr] warning: build failed, waiting for other jobs to finish...
[INFO] [stderr] error: build failed
[INFO] running `Command { std: "docker" "inspect" "45436f425af073db7a104c0936513e0efd32421c8f57552f3771842cbabbc7e7", kill_on_drop: false }`
[INFO] running `Command { std: "docker" "rm" "-f" "45436f425af073db7a104c0936513e0efd32421c8f57552f3771842cbabbc7e7", kill_on_drop: false }`
[INFO] [stdout] 45436f425af073db7a104c0936513e0efd32421c8f57552f3771842cbabbc7e7
